 Suppose 6*h + 9 = d. Give s(h).
-1
Let w(q) = 2*q**3 + 8*q**2 - 159*q - 492. Let s be w(-3). Let x(j) = 55*j - 157. Calculate x(s).
8
Let c(a) = 3*a + 18. Let l = 1806 - 1049. Let d = l + -761. Determine c(d).
6
Let j(u) = -u**3 - 10*u**2 + 11*u + 11. Suppose 581 + 979 = 20*b. Let h be (b/18 - -3)/((-14)/21). Give j(h).
11
Suppose 0 = 5*z - 76 + 66. Let y be (z - (-3 + 5))/(2 + -1). Let l(i) = i**2 + i + 12. Determine l(y).
12
Let t(g) = -g**2 - 24*g - 78. Let d be t(-20). Suppose 3*s + q + 14 = -d*s, -4*s - 2*q = 10. Let h(c) = c**3 + c**2 - 8*c - 4. Determine h(s).
2
Let w(i) be the second derivative of -i**5/60 - 3*i**4/8 + i**3/2 + 15*i**2 - 11*i. Let s(a) be the first derivative of w(a). Give s(-10).
-7
Let a(v) be the third derivative of v**6/120 - v**5/12 - v**4/24 - v**3/6 + 230*v**2. Determine a(5).
-6
Let n(v) = v**2 - 31*v + 143. Let q be n(6). Let a(p) = -3*p - 8. Determine a(q).
13
Let s(m) be the first derivative of m**4/4 - 5*m**3/3 - m**2/2 + 5*m - 11109. Let u = 12 - 7. Determine s(u).
0
Let m(c) = -1 + 2*c + 6 - 1. Suppose 3*b - 7*b - 4*u + 24 = 0, -2*b + 18 = 4*u. Suppose 3*s - 5*y + 2 = -3, 0 = 4*s - b*y + 14. Give m(s).
-6
Let b = 7602 + -7605. Let d(h) = 2*h - 8. Calculate d(b).
-14
Let b(h) = 43*h**2 - 6*h - 113. Let y(z) = -10*z**2 + z + 28. Let g(p) = -3*b(p) - 13*y(p). Give g(-6).
-19
Let x(v) = -10*v - 129. Let a(i) = 9*i + 194. Let k(r) = 2*a(r) + 3*x(r). Let u(c) = 2*c + 4. Let l be u(-3). Calculate k(l).
25
Let z(a) = -17 - a + 6 + 9*a**2 + a**3 + 8*a. Let i = 1784 - 1194. Let u = -598 + i. What is z(u)?
-3
Let q(o) = o**3 + 8*o**2 + 7*o + 7. Let j be 84 - ((-38)/(-9) + (-20)/90). Let w = j - 87. Calculate q(w).
7
Let d(a) = 33*a - 11*a - 5*a - 5*a - 7. Let y(z) = 14*z - 8. Let x(n) = 6*d(n) - 5*y(n). Give x(3).
4
Suppose -1846 = 177*g + 101. Let z(k) = -5*k - 92. Determine z(g).
-37
Let q(z) = 16*z**2 + 11*z + 14. Let u(a) = -7*a**2 - 6*a - 6. Let y(x) = -3*q(x) - 7*u(x). Let c(g) = g + 3. Let t(k) = -2*c(k) - y(k). Calculate t(-12).
-18
Let s be (-3)/(-15) + (-216)/30. Let p = s - -23. Suppose 17*y - p*y = 0. Let z(a) = a**3 - a**2 - a + 4. Determine z(y).
4
Suppose -3*v - 1 = -4*z + 14, -25 = -4*z + 5*v. Suppose -5*q + 8*q - 6 = z. Suppose -q*x - 3*l = 6 + 5, l = -1. Let u(s) = -2*s**2 - 4*s + 4. Determine u(x).
-12
Let r = 7 + 1. Let b be 2/4*(-252)/(-18). Let c(t) = -5 - t**3 - 12*t + 21*t - 4 + b*t**2. Give c(r).
-1
Let h(c) be the second derivative of -c**6/30 + c**5/60 - c**4/12 + c**3/6 + 85*c**2 + 2*c + 87. Let a(y) be the first derivative of h(y). What is a(1)?
-4
Let y(a) = -2 + 6*a**2 + 9*a**3 + 0*a - 5*a - 10*a**3. Suppose -3*k - 4*z = -27, -5*k - 3*z + 10 = -8*z. Suppose -4*x - 5 = -k*x. Give y(x).
-2
Suppose 12*k - 258 = -2*j, 29 = 3*k - 3*j - 46. Let w(q) be the third derivative of 0 - 1/6*q**4 - 1/2*q**3 + 0*q + k*q**2. What is w(-2)?
5
Let m(x) = x**3 + 12*x**2 + 31*x - 50. Let i be m(-6). Let t(p) = -p - 10. Calculate t(i).
10
Let o(z) = 6*z**3 - 1342 + 4*z**2 - 11*z**3 + 6*z**3 + 1355 - 3*z. Give o(-5).
3
Let s(h) = -56 - 61 - h**3 + 63*h**2 - 74*h**2 + 38*h**2 + 2*h + 61. Calculate s(27).
-2
Let b(p) be the second derivative of p**3/3 - 4*p**2 - 2*p. Let q = -166 + 181. Suppose 38 + 52 = q*k. Determine b(k).
4
Let o be -1*2/8*(-16848)/702. Let q(x) = -x**3 + 7*x**2 - 6*x + 15. What is q(o)?
15
Let o(w) = w**3 + 9*w**2 + 10*w. Let z(k) = -k**3 - 9*k**2 - 10*k. Let n(p) = 4*o(p) + 5*z(p). Let q(u) = 2*u**2 - 31*u + 112. Let a be q(8). Determine n(a).
16
Let d(o) be the second derivative of o**5/10 - 3*o**4/4 - 2*o**3/3 - 2*o**2 + 4*o - 205. Calculate d(5).
1
Suppose -6*r = -6 - 36. Let m be 152/(-8) + -1 + r. Let w(h) = h + 9. Give w(m).
-4
Let v(i) be the third derivative of -1/2*i**3 + 6*i**2 - 4*i + 0 + 7/24*i**4. Let k(w) = w - 6. Let t be k(8). Give v(t).
11
Let a(b) = 1. Let v(h) = -h**2 + h - 6. Let j(y) = -5*a(y) - v(y). Let s(l) = l**3 + 2*l**2 - 7*l + 6. Let m(t) = 5*j(t) - s(t). Determine m(4).
-9
Let g(q) be the third derivative of 11*q**5/60 + 3*q**4/8 + 2*q**3/3 + 1041*q**2. Calculate g(-1).
6
Let t(y) be the second derivative of -y**5/10 + y**4/6 + 2*y**3/3 + 3*y**2/2 - 1661*y. What is t(-1)?
3
Let i(l) = 168*l**2 + 7 + 6*l - 409*l**2 + l**3 + 230*l**2. What is i(10)?
-33
Let z(c) = c**3 + 32*c**2 + 32*c + 19. Let u(l) = 3. Let s(y) = 2*u(y) + z(y). Determine s(-31).
-6
Suppose -d + 4*c = 2*d - 39, -3*d - 3*c + 18 = 0. Let q(i) = i**2 - 1702*i - 367 + 3399*i - 1705*i + 354. Calculate q(d).
-4
Let u = -634 - -632. Let t(i) = -i**2 + i - 8. Let g(w) = 2*w**2 - 3*w + 20. Let n(j) = u*g(j) - 5*t(j). Give n(-6).
30
Let p(j) be the third derivative of 0*j + 23*j**2 - 1/120*j**5 + 11/12*j**4 + 0 + 0*j**3 + 1/240*j**6. Let v(q) be the second derivative of p(q). Give v(2).
5
Let r(l) = 7*l - 1. Let y(w) = 12*w - 91. Let x be y(8). Suppose -x*k + 4 = -4*a, -a - 1 = 18*k - 15*k. Calculate r(a).
-8
Suppose -167*g + 172*g - 9 = -n, -4*n + 3*g = -13. Let d(b) = b**3 - 5*b**2 + 4*b - 1. Calculate d(n).
-1
Let o(r) be the first derivative of -5*r**2 + 9*r - 829. What is o(-3)?
39
Let b(z) = -z**3 + 11*z**2 - 6. Let x(g) = -g**3 - 29*g**2 - 50*g + 119. Let v be x(-27). Give b(v).
-6
Let j(v) = -4 + v**3 - 12*v + 104*v**2 + 6*v - 107*v**2. Let n be -7 - -1*(10 + 2). What is j(n)?
16
Suppose -3*a = -7*a - 0*a. Let j(m) = m**2 + 3*m + 6. Determine j(a).
6
Let x(p) = -2*p**3 - 140*p**2 + 748*p - 154. Let k be x(-75). Let d(b) = 5*b**2 + 25*b - 5. Determine d(k).
-25
Let g(f) be the third derivative of -f**4/24 + 2*f**3/3 - 2953*f**2. What is g(2)?
2
Let g(w) = -w**2 - 5*w - 4. Let a be (-1 + 0)*13*-6. Let x = -50 + a. Suppose -4*r - 20 = 2*l, -r - x = 4*l + 3*r. Determine g(l).
0
Let b(n) = n**3 - 5*n**2 + 5*n - 6. Let g be (-55)/2*(7 - 5). Let x = g - -54. Let d be x/(-2) - (-42)/12. What is b(d)?
-2
Suppose 14*b + 1518 - 1616 = 0. Let k(i) = 3*i + 4. Give k(b).
25
Let f(u) = u - 57. Suppose 80 = 5*n + 5*j, -37*n + 5*j = -40*n + 60. What is f(n)?
-47
Let d(c) = 6*c - 3. Let y(m) = -7 + 3 + 5 + 5*m - 3. Let a(k) = -4*d(k) + 5*y(k). Give a(4).
6
Let g(c) = 2*c + 4. Let m be g(0). Let u(d) = d**2 - 3*d**2 + 4*d**2 - 1398*d + 4 + 1391*d + 1. Calculate u(m).
9
Suppose 763*w + 32 = 731*w. Let q(c) = -6*c**3 - c**2 + 2*c + 1. What is q(w)?
4
Let l(a) be the first derivative of -7/3*a**3 - 9*a + 17 - 5/2*a**2 - a**4. Let b(h) = -2*h**3 - 4*h**2 - 3*h - 5. Let d(m) = 7*b(m) - 4*l(m). What is d(1)?
2
Let r(v) be the first derivative of -69*v**4/4 - v**3/3 - v**2 - v - 4839. What is r(-1)?
69
Let k(g) = -g**2 + 2*g + 5. Suppose -3*s + 4*w + 21 = 5, 0 = 4*w - 8. Calculate k(s).
-43
Let w(g) = 2*g**3 - g**2 + 2*g - 2. Let i = 794 + -792. Give w(i).
14
Let b(c) = c - 6. Let h = -200 + 203. Suppose -8*j + h = -7*j. What is b(j)?
-3
Let y(t) = 55*t + 2135. Let r be y(-39). Let z(f) = -f**2 - 3*f + 63. What is z(r)?
-7
Let q(g) = -29 - 126018*g**2 + 73 - 47*g + 134 + 6*g + 125927*g**2 - 2*g**3. Calculate q(-45).
-2
Let f(z) be the second derivative of -z**3/6 - 3*z**2/2 - 29*z. Let v = -30 - -35. Suppose -5*u + 3*w + 34 = 0, -4*u + 0*w + v = 5*w. Calculate f(u).
-8
Let n(s) = -451*s**2 - 4 + 224*s**2 + 15*s + 221*s**2. Let b(r) = 11*r**2 - 27*r + 8. Let h(m) = -4*b(m) - 7*n(m). Give h(3).
-13
Let r(z) = 4*z + 24. Let q be r(-2). Let s(o) = 3*o + q*o - 35*o. Calculate s(1).
-16
Let x(i) = -2*i**3 - 20*i**2 - 8*i + 19. Let y be x(-12). Let m(p) = p - y - 690 + 1377 + 3*p + 6*p. Give m(3).
26
Let m(i) = -i**3 + 25*i**2 - 18*i - 143. Let o = 25747 + -25723. Determine m(o).
1
Let x(f) = 50001 + 50019 - 7*f - f**2 - 100010. What is x(-7)?
10
Let u(g) be the second derivative of g**5/20 + 7*g**4/12 + g**3/2 - 4*g**2 + 1689*g. What is u(-4)?
28
Suppose -3*p = -25 + 10. Let y(a) be the third derivative of -5*a**4/24 - 5*a**3/6 - 71*a**2 + 3*a - 92. Calculate y(p).
-30
Let k(f) = -61*f**2 - f - 2. Suppose 43*h = 47*h + 12, 5*m = -5*h - 20. Determine k(m).
-62
Let a(t) = 3*t**3 + 6*t**2 + 7*t - 20. Let h(l) = -7*l**3 - 11*l**2 - 15*l + 39. Let f(s) = 5*a(s) + 2*h(s). What is f(-8)?
-62
Suppose 4*y - 8 = 4*l - 0*y, -3*l + y + 2 = 0. Let w(o) = -31063 + o**3 + 31065 + o**2 - 2*o**l + o. What is w(0)?
2
Suppose 4*q + 0*i - i = -8, -4*q = 3*i - 8. Let r(y) = y**3 - y**2 - y. Let b(u) = 2*u**3 + 5*u**2 + 4*u - 2. Let x(c) = q